+ 2. Let w(n) = -n**2 - 7*n. Let g(z) = -2*i(z) + 11*w(z). Give g(c).
-10
Let p be -12*1*3/(-6). Let o(t) = 2*t - t + 0 - 4 + p. Suppose 0 = j + 1, 4*j + 6 + 3 = x. Determine o(x).
7
Let s(k) be the second derivative of -11*k**3/6 + k**2/2 - 6*k. Let n be (-2 + 3)/(0 - -1). What is s(n)?
-10
Let h be (2 + -7)*(-6)/10. Let f(t) = t**3 - 1 + 3*t**3 + t + 2*t**2 - 5*t**3. Give f(h).
-7
Let h = -1 - 1. Let c(f) = -3*f**3 - 3*f**2 - 3*f + 2. Let u(k) = -3*k**3 - 2*k**2 - 2*k + 1. Let x(b) = h*c(b) + 3*u(b). Determine x(1).
-4
Let z(w) = -w**2 - 4*w + 3. Suppose g + 180 = -3*g. Let u be ((-2)/(-3))/(6/g). Calculate z(u).
-2
Let y(k) be the second derivative of k**4/12 + k**3 + 5*k**2/2 - 20*k. Let m be ((-10)/(-6))/(1/15). Suppose -5*n - m = -0*n. Calculate y(n).
0
Let d(q) = -q + 1 - 3*q + 0*q. Let i = 4 + -1. Suppose -2*a + 10 = i*a. Calculate d(a).
-7
Let f = -1 + -4. Let g(c) = -2*c**2 + 7*c + 1. Let n(s) be the first derivative of -5*s**3/3 + 21*s**2/2 + 4*s - 3. Let r(a) = -8*g(a) + 3*n(a). Give r(f).
-6
Let m(v) = 7*v**3 + 12*v**2 - 3*v - 11. Let k(b) = b**3 + b**2 - b - 1. Let d(a) = 6*k(a) - m(a). Calculate d(-5).
-5
Let w(n) = n - 3. Suppose -3*t - 2 = 4*a - 9, -3*a + 19 = 5*t. Suppose 0 = -5*d - 4*q - 16, 0*d - t*q - 20 = 2*d. What is w(d)?
-3
Let o(y) = -2 - 3*y + y + 0*y. Let j = 1 - 3. What is o(j)?
2
Suppose -3*d + 2*r = -11, 0 = -5*d + 2*r + r + 19. Let m(w) = 5*w**2 - 4*w**2 + 2 - 2 + 4 - 7*w. Let k(a) = 1. Let o(p) = -2*k(p) - m(p). Calculate o(d).
4
Let a = -11 + 10. Let i(o) = -o - 2. What is i(a)?
-1
Let p(t) = -t + 4*t + 0*t + 2. Let m be 7 - ((-2)/2)/(-1). Suppose 2*v - 8 = m*v. Calculate p(v).
-4
Suppose -3*k = -5*b + 2*k - 10, -k - 6 = -5*b. Suppose -6 = -4*w + x + 6, -x = -b*w + 6. Let m(f) = -f**2 + 3*f + 1. Determine m(w).
1
Let i(v) = 2*v**3 - v**2 - v - 1. Let p be i(-1). Let a(u) = u**2 + 2*u + 1. Give a(p).
4
Let s(z) = z + 3. Let j = 39 - 20. Let r = j + -22. What is s(r)?
0
Let g(a) = 5*a + 7. Let l(c) = 2*c + 16. Let n be l(-11). Calculate g(n).
-23
Let v(j) = 2*j**3 + 8*j**2 - 4. Let a(h) = h**3 + h**2 + 1. Let o(n) = 3*a(n) - v(n). Give o(5).
7
Let u = 1 - 3. Let r(y) = -2*y**2 + 2*y + 1. Calculate r(u).
-11
Let l(f) = f**3 + 5*f**2 - 8*f - 9. Let w be (18/8)/(0 + (-15)/40). Determine l(w).
3
Let a(z) = -z**2 + 7*z + 5. Let n(u) = u**2 - 6*u - 5. Let d(t) = -3*a(t) - 4*n(t). Calculate d(4).
1
Let l(c) = c**3 + 14*c**2 + c + 10. Let w be l(-14). Let n(b) = b + 3. Calculate n(w).
-1
Let n(d) = -3 - d**3 + 4*d**2 + 7 + 2*d**3. Suppose -3*f + 2*f + 1 = 0. Let w be (2 - f) + (-9 - -4). Give n(w).
4
Suppose 0 = -4*b + 29 - 37. Let r(o) = -2*o - 3. What is r(b)?
1
Let x(r) = r**3 + 2*r**2 - 3*r + 3. Let a be x(-3). Let o(y) = 3 + 60*y - 3*y**2 + y**3 - 21*y - 19*y - 19*y. What is o(a)?
6
Let t(n) = 47*n**3 - 14*n**2 - 20. Let f(d) = -16*d**3 + 5*d**2 + 7. Let a(c) = -17*f(c) - 6*t(c). Let v be (7/14)/((-1)/2). Give a(v).
10
Let q(t) = 44*t - 14*t**2 + 9*t**2 - 1 - 42*t. Give q(1).
-4
Suppose -5*a = 2*z - 6, -5*z = -a - 3*a - 15. Let x(u) be the third derivative of -1/120*u**6 - 1/6*u**4 - u**2 + 0 - 1/6*u**z - 1/15*u**5 + 0*u. What is x(-3)?
2
Let m(g) = -5*g**3 + 2*g - 1. Suppose p - c = 6*p - 8, -p + 4 = c. Give m(p).
-4
Let x be (-10)/(-4) - 10/20. Let n(h) be the second derivative of -h + 5/2*h**x + 0 - 1/3*h**3. Calculate n(5).
-5
Let l(r) = 3*r - 2. Let v(g) = -2*g**2 + g + 1. Let z be v(-1). Determine l(z).
-8
Let c(l) be the first derivative of -7*l**4/4 - l**2 - l - 21. What is c(-1)?
8
Let h(s) = -s - 6. Let i be h(-3). Let a be 24/16*(-8)/i. Let j(z) = -z**2 - 3*z + 10. Let b(q) = q**2 + 4*q - 11. Let m(v) = 5*b(v) + 6*j(v). What is m(a)?
-3
Let u = 15 - 18. Let v = 2 + u. Let c(z) be the second derivative of 2*z**5/5 + z**4/12 + z**3/6 - z. What is c(v)?
-8
Let v be (3 - 4)/(2/(-10)). Let x(p) = -v + 2*p + 3 + 0*p. Let b(t) = 2*t + 6. Let m be b(-4). Calculate x(m).
-6
Let r(b) be the third derivative of b**5/15 + b**4/24 - 2*b**2. Suppose 3*h - 8 = -0*o + 2*o, 4*o = 3*h - 10. Determine r(o).
3
Suppose -v + 5 = -2*v. Let k = 7 + v. Let m(t) = 4*t**2 - 3*t**3 - 8*t**k + 4*t**3 + 2 - t. Calculate m(4).
-2
Let t(m) be the second derivative of -m**3/3 - m**2 - 20*m. Give t(-2).
2
Let x(t) = -5 - t**2 - 87*t + 87*t. Calculate x(0).
-5
Let g = 69 - 70. Let k(d) = -6*d**3 - 2*d**2 - d. Determine k(g).
5
Suppose 1 = 2*x + 4*j + 5, -6 = 3*x + j. Let g(z) = -2*z**2 - 2*z - 3. Give g(x).
-7
Let z(p) be the third derivative of p**4/8 - p**3 - 4*p**2. Determine z(6).
12
Suppose 10 = 12*h - 74. Let g(q) = q**3 - 7*q**2 - q + 5. What is g(h)?
-2
Suppose -3*l - 4*g = -2, l = 4*g - 35 + 9. Let u(s) = -2*s - 2. Give u(l).
10
Let n(z) be the second derivative of z**3/3 - 2*z**2 + z. Let i be 45/9 + 1 - 0. Give n(i).
8
Let k(v) = -v**3 - 3*v**2 + 2. Let h(u) = 3*u**3 + 8*u**2 - u - 5. Let z(c) = -4*h(c) - 11*k(c). Give z(3).
-8
Let l(j) = j + 1. Let p be 2*(0 + 2)*1. Suppose -i - p = i. Determine l(i).
-1
Let k(z) = -z**2 + 5*z - 3. Suppose -4*g = -3*a - 2*a - 29, 2*g + 35 = -3*a. Let v be 0 - (-3)/(a/(-15)). Give k(v).
-3
Let b(p) = p + 3. Let h be 1/((-3)/(-12)) - 1. Suppose -h*w + 1 = -2. Suppose -u - w = 4. What is b(u)?
-2
Let y(l) = l + 4. Let f(p) = -4*p - 12. Let c(s) = -3*f(s) - 10*y(s). Let w(a) = 2*a**3 + 2*a**2 - a. Let j be w(1). Give c(j).
2
Let i(u) be the first derivative of u**3/6 - 4*u - 5. Let s(q) be the first derivative of i(q). Let w(o) = o - 1. Let l be w(2). Determine s(l).
1
Let w = 80 + -88. Let t(f) = -f**2 - 9*f - 9. Give t(w).
-1
Let d = -3 - -7. Let y(c) be the third derivative of c**7/840 - c**6/120 - c**5/30 - c**3/2 + c**2. Let a(h) be the first derivative of y(h). What is a(d)?
0
Let a(i) = 2*i + 3 - i + 2*i**2 - 2. Give a(2).
11
Suppose -7*l + 2*l - 20 = 0. Let i(u) = -5*u**3 + 2*u + 2 + 4*u**3 - 3*u**2 + u + 0*u. Calculate i(l).
6
Let c = -6 + 9. Let x(f) be the first derivative of 0*f - 2 - 1/3*f**3 + 2*f**2. What is x(c)?
3
Let u(c) = -c - 5. Let l(w) = -2*w - 9. Let m(x) = -6*l(x) + 11*u(x). What is m(-7)?
-8
Let s be (-2)/1 + 2/1. Suppose -5*j = -3*y - s*j + 25, -2*j = -4*y + 10. Let h be 0/(-2 - (0 - y)). Let r(b) = b**3 - b**2 - 6. What is r(h)?
-6
Let c(h) = h**3 - 2. Let u be c(2). Let f = 8 - u. Let n be (f/(-4))/((-2)/(-4)). Let o(j) = j**3 - j. Determine o(n).
0
Let q be 18 - (5 - 2/1). Let x(o) = -4*o**2 - 1 + 1 + q*o**3 - 14*o**3. What is x(3)?
-9
Let v be (-14)/4 + (-4)/(-8). Let f(d) = d**3 + 3*d**2 + 5*d + 3. Give f(v).
-12
Let x(t) = -17*t - 26. Let r(u) = -3*u - 5. Let w(o) = 11*r(o) - 2*x(o). Calculate w(10).
7
Let t(a) = -7*a**2 + 2*a - 1. Let u be 189/18*(-8)/(-6). Let r = u + -13. Determine t(r).
-6
Let v(a) = a**3 + a**2 + 1. Let u(x) = 3*x**3 + 10*x**2 - 9*x + 1. Let f(q) = u(q) - 2*v(q). Let m be f(-9). Let k(b) = 8*b**3 + b**2 + b + 1. Determine k(m).
-7
Let i(h) = h + 2. Let s be i(-4). Let z(b) = b**2 - 1. Let v be z(s). Let u(a) = a**2 - a - 2. What is u(v)?
4
Let f(j) be the first derivative of -j + 4*j**2 - 5*j**2 - 2 + 0*j. Calculate f(-1).
1
Let a(l) be the second derivative of -l**3/2 + 12*l. Let b be (-2)/(-8) + 10/(-8). What is a(b)?
3
Let p(v) = 5*v**2 + 4*v - 1. Let x(t) = 9*t**2 + 8*t - 2. Let s(b) = b**3 + 5*b**2 + 4*b - 5. Let f be s(-4). Let c(w) = f*p(w) + 3*x(w). Calculate c(-3).
5
Let l(s) be the third derivative of s**6/120 - s**5/10 - s**4/6 - 3*s**3/2 - 3*s**2. Determine l(7).
12
Suppose -2*p + 0 + 6 = 0. Let f be p/(3/(-2)) + -3. Let w(a) = 2*a + 7. Determine w(f).
-3
Let y(d) = -11*d + 4. Let j(n) = 33*n - 17. Let p(q) = -22*q + 11. Let w(o) = -5*j(o) - 8*p(o). Let m(t) = -3*w(t) - 2*y(t). Give m(1).
-10
Let l be (-1 + (1 - 1))/1. Suppose 5*j - 7 = 3. Let y(z) = -5*z**3 - 6*z - z**2 - 1 + 3*z - j*z**3 + z. Calculate y(l).
7
Let o(k) be the first derivative of k**3/3 + 7*k**2/2 + 6*k - 6. What is o(-6)?
0
Let c be ((-70)/(-40))/(2/16*-2). Let i(s) = -s - 9. Give i(c).
-2
Let v(s) be the third derivative of s**4/24 + s**3/6 - 12*s**2. Give v(-8).
-7
Let c(g) = 15*g**3 + 11*g**2 - 26*g - 29. Let q(t) = -7*t**3 - 5*t**2 + 12*t + 14. Let j(r) = -6*c(r) - 13*q(r). Give j(0).
-8
Let r(x) = -x**3 - 6*x**2 + 7. Let q be r(-6). Let i(k) = q - k + 1 - 4. Calculate i(-6).
10
Suppose 6 = 5*i + 1. Let d(o) = 3*o + i + 6 - o - 3*o. Calculate d(5).
2
Let